b = -19*l - 3452. What are the prime factors of l?
2, 11, 13
Suppose -2*z + 4*z = -2*v - 2, 5*z + 4*v + 2 = 0. Suppose -a = -z*j + 327, 6*a - 5*a = 3*j - 491. List the prime factors of j.
2, 41
Suppose -22*b = -23*b + 62. Suppose -26 - b = -8*o. Suppose -53 = -3*a - o. What are the prime factors of a?
2, 7
Let b = 29 + -27. Let p be 5*1*96/30 - b. List the prime factors of ((-123)/(-6))/(7/p).
41
Let x = 177 + 110. Let g = x + -201. What are the prime factors of g?
2, 43
Let u be ((-12)/(-33))/((-4)/(-22)). Suppose s + 5*l = 4*s - 8, u*s = -2*l + 16. Suppose 0*d + s*d = 768. List the prime factors of d.
2
Let n = -15194 - -28170. List the prime factors of n.
2, 811
Suppose -5*q + 2 = -18. Let h be (-1 - -1)/(q + -5). Suppose h*r + 79 = r. What are the prime factors of r?
79
Let b = 14 - -18. Let r(n) = -b*n + 0 - 8*n**2 + 12 - 2*n**2 + 9*n**2. What are the prime factors of r(-20)?
2, 3, 7
Suppose 87 + 249 = 7*n. Suppose n + 1127 = -5*y. Let t = -58 - y. What are the prime factors of t?
3, 59
Suppose -5*d - 5 = -5*w, 2*w + 4*d - 6 - 20 = 0. Suppose -3*b - 890 = 39*y - 44*y, 5*y - w*b = 890. What are the prime factors of y?
2, 89
Let f = 548 + -546. Let h be 4 + 4*(-2)/4. Suppose -4*a = -h*x + 238, -4 = -a - f. What are the prime factors of x?
3, 41
Let t(y) = -8 - y**2 + 643*y + 25 - 633*y. List the prime factors of t(9).
2, 13
Let f be (8/(-10))/(((-96)/80)/(-3)). Let d(y) = y**2 - 1. Let a(v) = -47*v**2 - 8*v - 10. Let o(s) = -a(s) - 6*d(s). What are the prime factors of o(f)?
2, 41
Suppose -185 = -a + 270. Suppose v + 6*v = a. Suppose 0 = -v*m + 67*m - 12. What are the prime factors of m?
2, 3
Let m(f) be the second derivative of 25*f**3/3 - 105*f**2/2 - 23*f. List the prime factors of m(7).
5, 7
Suppose -2*n + 13 = -3*s - 10, -4*n + 1 = -s. Let k = s - -13. Suppose h + 2*h + k*w - 317 = 0, 0 = w + 1. List the prime factors of h.
107
Suppose 9*y + 98 = -82. Let f be (-3)/(12/y)*1. Suppose f*j - 535 = -85. What are the prime factors of j?
2, 3, 5
Let v = 1776 - -29531. List the prime factors of v.
31307
Suppose -5*b + 370 = 5*u - 3*b, -5*u + 345 = -3*b. Let o = u - -22. List the prime factors of o.
2, 47
Let c(q) be the first derivative of -73*q**2 + 20*q - 89. List the prime factors of c(-3).
2, 229
Let j = -545 + 110. Let h be j/(-30)*(-1 - 15). List the prime factors of (h/(-10))/((-6)/(-15)).
2, 29
Let g(h) = 3*h - 22. Let l be g(6). Let y be 9/l - -2*(-3)/(-24). What are the prime factors of (-79 - y - -5)*(-1 - 1)?
2, 3
Let m(d) = 8*d + 90. Let o be m(23). Let n = 319 - o. List the prime factors of n.
3, 5
Let j = 12 - 6. What are the prime factors of 90/5*75/j?
3, 5
Let o(u) = 54*u**2 - 60*u + 1695. What are the prime factors of o(22)?
3, 8837
Suppose 0 = -0*u - 47*u + 376. Suppose -u*r = -26*r + 21708. List the prime factors of r.
2, 3, 67
Let f(i) = -3*i**2 + 13*i - 10. Let w(x) = 3*x**2 + 2*x - 6. Let z be w(2). Let q be f(z). What are the prime factors of (q/28 - -3)*-35?
2, 3, 5
Let q = -15 + 17. Suppose 2*o - q = 12. Suppose 368 = c + o*c. List the prime factors of c.
2, 23
Let j(u) = 2025*u - 142. What are the prime factors of j(7)?
14033
Suppose -40*h + 41*h = 0. Suppose 3*t + h*t = -4*b - 196, 0 = 4*b - 8. Let k = 109 + t. List the prime factors of k.
41
Suppose 5*l + n = -11009, 14*n + 2199 = -l + 11*n. Let f = -1487 - l. List the prime factors of f.
5, 11, 13
Let j be 2 + -1 + -3 + 5. Suppose -j*k + 40 = 5*k. Suppose 3*c + 2*i - 228 = 256, -k*c = -i - 824. What are the prime factors of c?
2, 41
Let d = -52 - -47. Let w(n) = -6*n - 18. Let k be w(d). Let c(a) = a**2 - 13*a + 27. What are the prime factors of c(k)?
3, 5
Suppose 0 = -4*f - 13*w + 16*w + 7040, -2*f + 2*w + 3518 = 0. List the prime factors of f.
41, 43
Let f(q) = 18*q**3 - q**2 - 8*q + 14. Let y be f(3). Suppose 0 = 4*j - 4*d - 738 - 1170, 0 = -j - d + y. What are the prime factors of j?
2, 59
Let n = -23 - -55. Suppose p - n = -4*p + 4*r, -5*p - 3*r = -11. Suppose 3*x = 3*l + 90, -82 = -p*x - 5*l + 83. What are the prime factors of x?
5, 7
Let g(z) = z**2 + 5*z - 19. Let u be g(3). What are the prime factors of 5/100*u + (-332)/(-16)?
3, 7
Let k(i) = -i - 4. Let s be k(-5). Let r be -2*s/((-2)/4*2). Suppose -29 = -r*g + 13. What are the prime factors of g?
3, 7
Let x = 30615 + -10867. List the prime factors of x.
2, 4937
What are the prime factors of (-4)/(-14) - 3/((-3)/((-98748)/(-28)))?
3527
Suppose 3*u - 8 + 2 = 0. Suppose -3*c - 4*s + 25 = -0*c, -5*s = -u*c - 14. Suppose -i + 77 = -3*y, c*i - 255 = -2*y - 35. What are the prime factors of i?
2, 37
Let y = -3021 - -67342. List the prime factors of y.
131, 491
Let c(k) = k**3 + 13*k**2 + 25*k + 36. Let r be c(-9). Let s = 632 - r. What are the prime factors of s?
7, 71
Let g(c) = c**3 + 13*c**2 + 12*c - 1. Let p be g(-12). Let f(u) = 65*u - 1. Let l be f(p). List the prime factors of (l/(-77))/((-1)/(-7)).
2, 3
Let d(a) = -9*a**3 - 9*a**2 + 42*a - 30. Let j(f) = -2*f**3 + f**2 + 1. Let o(l) = d(l) - 4*j(l). List the prime factors of o(-16).
2, 31
Suppose 4*v - 14 = 2. Let t be 4 + 2 - (v + -1). Suppose -2*g + 20 = 5*s, 31 = t*s + 2*g + 3*g. List the prime factors of s.
2
Suppose -5*p = -44 - 1. Suppose -5*v = -2*h - 112, -4*h = -4*v - p*h + 116. List the prime factors of v.
2, 3
Let y = -692 + 42. Let o = -471 - y. What are the prime factors of o?
179
Suppose 7*n - 37 = -2. Suppose 1380 - 465 = n*j. Let b = j - 100. List the prime factors of b.
83
Let z(y) = 11*y - 84. Let t be z(8). List the prime factors of 0/16 - 2*(-1014)/t.
3, 13
Let q(c) = -c**2 - c - 1. Let h(y) = -y**3 - 4*y**2 - 3*y. Let p(a) = h(a) - 3*q(a). Let j be p(-2). What are the prime factors of j/(14/40) - 0?
2, 5
Let x = -567 - -576. Suppose -x*p = -4582 - 251. What are the prime factors of p?
3, 179
Suppose 3*f + 39089 = 4*v - 9083, -2*v + 24080 = -3*f. What are the prime factors of v?
2, 19, 317
Suppose -451*o + 512 = k - 446*o, -5*k + 2398 = -2*o. List the prime factors of k.
2, 241
Suppose -4*g + 10 = -5*f + 4, 2*f = -3*g + 16. Suppose 5*p + 5*q - 422 = 4*p, 1631 = g*p + q. List the prime factors of p.
11, 37
Suppose -261 = -5*q + 104. Let x(s) = -s**2 + 5*s + 92. Let p be x(8). Let m = p + q. What are the prime factors of m?
3, 47
Suppose -2031*i = -2035*i + 7636. Let s = -1089 + i. List the prime factors of s.
2, 5, 41
Let o(g) = -110*g - 984. Let w(n) = -73*n - 657. Let q(r) = -5*o(r) + 7*w(r). What are the prime factors of q(20)?
3, 367
Suppose 0 = 2*c - 4*q - 38, -5*c - 10 = 5*q - 60. Suppose -4*g + 3*k = -111, 3*g - 86*k + 88*k - 96 = 0. Let h = g - c. What are the prime factors of h?
17
Let r = 15325 + -5905. What are the prime factors of r?
2, 3, 5, 157
Suppose -3*d - 3*n + 7368 = 0, 3*d + 6*n - 4*n = 7367. What are the prime factors of -2*(d/(-10) - 4)?
499
Suppose 0*f + 156 = 6*f. Let h = 32 - f. Let n(l) = 10*l + 14. List the prime factors of n(h).
2, 37
Let i be -3 + 8 + (-1)/1. Suppose 2*t - 82 = 2*u, 0*t - 2*u + 158 = i*t. List the prime factors of 5/(t/316)*2.
79
Let z(j) = 44*j - 16*j + 81 - 69 + 198. What are the prime factors of z(35)?
2, 5, 7, 17
Let v(n) = -35035*n + 172. What are the prime factors of v(-1)?
17, 19, 109
Let y = 16286 + 6523. List the prime factors of y.
3, 7603
Suppose 3*j - 2*v = 10 - 2, -3*j + 3*v + 9 = 0. Suppose 49 = j*a - 1319. List the prime factors of a.
2, 3, 19
Let w = 305 + -197. Let a(o) = o + 2. Let c be a(-2). Suppose -i + 2*g + 59 = c, -i + w = i + g. List the prime factors of i.
5, 11
Let i(f) = f**3 - f**2 + 5*f - 8. Let k = -32 - -40. Suppose -5*h - k*h + 78 = 0. List the prime factors of i(h).
2, 101
List the prime factors of (-4086)/(11/(770/(-28))).
3, 5, 227
Let w(c) = 35*c**2 + 5*c + 2. Let k(i) = -106*i**2 - 14*i - 5. Suppose -17 - 7 = 3*v. Let b(h) = v*w(h) - 3*k(h). List the prime factors of b(1).
3, 13
List the prime factors of 4 - 92/22 - ((-151858)/77 + 9).
13, 151
Let g(r) = -15*r**3 + 8*r**3 - 10*r + 7*r**2 + 8*r**3 - 10. Let z be g(-8). What are the prime factors of 20/z*3 + -3 + 1?
2
Suppose -r - 20 + 60 = 0. Suppose 5*y = r + 410. Suppose 3*i = 375 - y. List the prime factors of i.
5, 19
Let z = -3004 + 12472. List the prime factors of z.
2, 3, 263
Suppose 0 = a - 463 - 35. List the prime factors of ((-6)/(-3*3/a))/2.
2, 83
Suppose 0 = 2*j + z + 1 - 10, 2*z = -j